{"id":32,"date":"2021-09-15T17:08:33","date_gmt":"2021-09-15T17:08:33","guid":{"rendered":"https:\/\/www.aledonatomua.com\/salon\/?post_type=product&#038;p=32"},"modified":"2023-10-30T15:27:28","modified_gmt":"2023-10-30T21:27:28","slug":"paquetes-de-maquillaje-estandar","status":"publish","type":"product","link":"https:\/\/www.aledonatomua.com\/salon\/?product=paquetes-de-maquillaje-estandar","title":{"rendered":"Paquetes de Maquillaje Estandar"},"content":{"rendered":"","protected":false},"excerpt":{"rendered":"<p><strong>Maquillaje B\u00e1sico:<\/strong><\/p>\n<ul>\n<li>Limpieza, hidrataci\u00f3n, parches de col\u00e1geno, humectaci\u00f3n de cutis y labios,<\/li>\n<li>Primer, base, contouring en polvo, ojos con sombras a elegir + shimmer + glitter + pigmentos + hojuelas,<\/li>\n<li>Iluminador, blush, labial, pesta\u00f1as gen\u00e9ricas, fijador de larga duraci\u00f3n<\/li>\n<\/ul>\n<p><strong>Maquillaje Normal:<\/strong><\/p>\n<ul>\n<li>Limpieza, exfoliaci\u00f3n, hidrataci\u00f3n, parche de col\u00e1geno para ojos, mascarilla facial,<\/li>\n<li>Contorno de ojos, humectaci\u00f3n de cutis y labios, primer, base, contouring polvo o crema,<\/li>\n<li>Ojos con sombras a elegir + shimmer + glitter + pigmentos + hojuelas, iluminador,<\/li>\n<li>Blush, labial, pesta\u00f1as efecto 3D, fijador de larga duraci\u00f3n.<\/li>\n<\/ul>\n<p><strong>Maquillaje Premium:<\/strong><\/p>\n<ul>\n<li>Limpieza, exfoliaci\u00f3n, hidrataci\u00f3n + \u00e1cido hialur\u00f3nico, parches de hidrogel reafirmantes para ojos 24K gold,<\/li>\n<li>Mascarilla facial, contorno de ojos, humectaci\u00f3n de cutis y labios, primer, base, contouring polvo y crema,<\/li>\n<li>Ojos con sombras a elegir + shimmer + glitter + pigmentos + hojuelas, iluminador, blush, labial, pesta\u00f1as Mink,<\/li>\n<li>Fijador de larga duraci\u00f3n, iluminaci\u00f3n de hombros y escote.<\/li>\n<\/ul>\n","protected":false},"featured_media":33,"template":"","meta":{"site-sidebar-layout":"default","site-content-layout":"default","ast-site-content-layout":"default","site-content-style":"default","site-sidebar-style":"default","ast-global-header-display":"","ast-banner-title-visibility":"","ast-main-header-display":"","ast-hfb-above-header-display":"","ast-hfb-below-header-display":"","ast-hfb-mobile-header-display":"","site-post-title":"","ast-breadcrumbs-content":"","ast-featured-img":"","footer-sml-layout":"","theme-transparent-header-meta":"default","adv-header-id-meta":"","stick-header-meta":"","header-above-stick-meta":"","header-main-stick-meta":"","header-below-stick-meta":"","astra-migrate-meta-layouts":"default","ast-page-background-enabled":"default","ast-page-background-meta":{"desktop":{"background-color":"var(--ast-global-color-4)","background-image":"","background-repeat":"repeat","background-position":"center center","background-size":"auto","background-attachment":"scroll","background-type":"","background-media":"","overlay-type":"","overlay-color":"","overlay-opacity":"","overlay-gradient":""},"tablet":{"background-color":"","background-image":"","background-repeat":"repeat","background-position":"center center","background-size":"auto","background-attachment":"scroll","background-type":"","background-media":"","overlay-type":"","overlay-color":"","overlay-opacity":"","overlay-gradient":""},"mobile":{"background-color":"","background-image":"","background-repeat":"repeat","background-position":"center center","background-size":"auto","background-attachment":"scroll","background-type":"","background-media":"","overlay-type":"","overlay-color":"","overlay-opacity":"","overlay-gradient":""}},"ast-content-background-meta":{"desktop":{"background-color":"var(--ast-global-color-5)","background-image":"","background-repeat":"repeat","background-position":"center center","background-size":"auto","background-attachment":"scroll","background-type":"","background-media":"","overlay-type":"","overlay-color":"","overlay-opacity":"","overlay-gradient":""},"tablet":{"background-color":"var(--ast-global-color-5)","background-image":"","background-repeat":"repeat","background-position":"center center","background-size":"auto","background-attachment":"scroll","background-type":"","background-media":"","overlay-type":"","overlay-color":"","overlay-opacity":"","overlay-gradient":""},"mobile":{"background-color":"var(--ast-global-color-5)","background-image":"","background-repeat":"repeat","background-position":"center center","background-size":"auto","background-attachment":"scroll","background-type":"","background-media":"","overlay-type":"","overlay-color":"","overlay-opacity":"","overlay-gradient":""}}},"product_brand":[],"product_cat":[22],"product_tag":[],"class_list":{"0":"post-32","1":"product","2":"type-product","3":"status-publish","4":"has-post-thumbnail","6":"product_cat-maquillaje-base","7":"desktop-align-left","8":"tablet-align-left","9":"mobile-align-left","11":"first","12":"instock","13":"featured","14":"taxable","15":"shipping-taxable","16":"purchasable","17":"product-type-simple"},"exclude_global_add_ons":false,"addons":[{"name":"Maquillaje","type":"multiple_choice","position":0,"required":true,"title_format":"label","default":"","description_enable":true,"description":"Selecciona que tipo de maquillaje necesitas:","placeholder_enable":false,"placeholder":"","display":"radiobutton","restrictions_type":"any_text","adjust_price":false,"price":"","price_type":"flat_fee","restrictions":false,"min":"0","max":"0","options":[{"label":"Paquete Maquillaje Social","price":"250","price_type":"flat_fee","image":0,"visibility":true}],"id":1698679649}],"_links":{"self":[{"href":"https:\/\/www.aledonatomua.com\/salon\/index.php?rest_route=\/wp\/v2\/product\/32","targetHints":{"allow":["GET"]}}],"collection":[{"href":"https:\/\/www.aledonatomua.com\/salon\/index.php?rest_route=\/wp\/v2\/product"}],"about":[{"href":"https:\/\/www.aledonatomua.com\/salon\/index.php?rest_route=\/wp\/v2\/types\/product"}],"wp:featuredmedia":[{"embeddable":true,"href":"https:\/\/www.aledonatomua.com\/salon\/index.php?rest_route=\/wp\/v2\/media\/33"}],"wp:attachment":[{"href":"https:\/\/www.aledonatomua.com\/salon\/index.php?rest_route=%2Fwp%2Fv2%2Fmedia&parent=32"}],"wp:term":[{"taxonomy":"product_brand","embeddable":true,"href":"https:\/\/www.aledonatomua.com\/salon\/index.php?rest_route=%2Fwp%2Fv2%2Fproduct_brand&post=32"},{"taxonomy":"product_cat","embeddable":true,"href":"https:\/\/www.aledonatomua.com\/salon\/index.php?rest_route=%2Fwp%2Fv2%2Fproduct_cat&post=32"},{"taxonomy":"product_tag","embeddable":true,"href":"https:\/\/www.aledonatomua.com\/salon\/index.php?rest_route=%2Fwp%2Fv2%2Fproduct_tag&post=32"}],"curies":[{"name":"wp","href":"https:\/\/api.w.org\/{rel}","templated":true}]}}